b be ((-36)/(-5) - 1) + 14/(-70). List the prime factors of n(b).
2, 5, 11
Let j be (-12)/(-2)*(-5 - -4 - 0). What are the prime factors of (-2)/j - ((-296)/3 - -4)?
5, 19
What are the prime factors of 67*(-1)/(-4) + 8/32?
17
Suppose 3*k - 980 = 1672. Suppose 3*o = k - 266. List the prime factors of o.
2, 103
What are the prime factors of 3/24 + 36509/88?
5, 83
Suppose 0 = -3*w - 15, f - 4*w = -2*w + 21. Let a = f + 7. Let j = a - 9. List the prime factors of j.
3
Let d be (-1)/(2 + (-38)/20). Let o = d - -39. What are the prime factors of o?
29
Suppose 0 = -19*t - 6*t + 19250. What are the prime factors of t?
2, 5, 7, 11
Let g(p) = -p**3 + 10*p**2 - 7*p - 13. Let m be g(9). Suppose -6*q = -4*q - 10, 3*q = 5*z + m. What are the prime factors of z?
2
Suppose -11*f + 6*f + 1115 = y, 0 = -f - 4. What are the prime factors of y?
5, 227
Let r(o) = o**3 - 2*o**2 + 6*o - 4. List the prime factors of r(2).
2
Suppose -5*v = i - 1638, v + 4*i - 324 = 2*i. Suppose -47*g + 43*g + v = 0. List the prime factors of g.
2, 41
Let p be 0 - 32/(0 + -4). Suppose -r - r + p = 0. Suppose -5*g + r*g + 10 = 0. What are the prime factors of g?
2, 5
Suppose -3*d = -3*u - 9330, -4*u = 4*d - 5*u - 12440. What are the prime factors of d?
2, 5, 311
Let q be (-4 + 0)/((-28)/8 + 3). Suppose -5*f - 141 = -q*f. List the prime factors of f.
47
Suppose 120*j - 802042 + 251122 = 0. What are the prime factors of j?
4591
Suppose -42*q + 41*q = -339. What are the prime factors of q?
3, 113
Let m(y) = 5*y - 2 - 1 + 2. Let p = -34 + 36. What are the prime factors of m(p)?
3
Let x = 11 - 5. List the prime factors of (x + -4 - 92)/(-1).
2, 3, 5
Let c(k) = k**3 + 2*k**2 - 4*k - 2. Let b = -20 + 17. Let j be c(b). What are the prime factors of (j - 0)/1 - -29?
2, 3, 5
Let v be (-13)/2 - ((-15)/10 - -2). List the prime factors of (-334)/v + 4 + 6/21.
2, 13
Suppose -28*o - 85 = -27*o. Let a = 117 + o. What are the prime factors of a?
2
Let w(k) = -3*k + 5. Let v = -12 - -13. Suppose -v = u + 5. What are the prime factors of w(u)?
23
Let q(o) = -o**3 + 15*o**2 - 2*o + 34. Let b be q(15). Suppose b*t - 5*f = 161, 140 = 5*t + 3*f - 15. List the prime factors of t.
2, 17
Let k = 355 + -237. List the prime factors of k.
2, 59
Suppose 66 = 15*v - 9*v. Suppose -5*p = 0, l + v = -3*p + 53. What are the prime factors of l?
2, 3, 7
Let h be (-8 - (-1 + 3))*9/(-15). Let o(f) = 7*f - 32. List the prime factors of o(h).
2, 5
Let n(w) = 138*w - 14. List the prime factors of n(7).
2, 7, 17
Let z(a) be the third derivative of a**5/60 + 5*a**4/24 - 8*a**3/3 - 13*a**2. List the prime factors of z(-12).
2, 17
Let u = 2 - -2. Suppose -m - 29 = -u*b, 2*b - 32 = -2*b + 4*m. What are the prime factors of b?
7
Suppose 6*g - 7*g = 0. Suppose 4*t + 4*t + 472 = g. Let d = -38 - t. What are the prime factors of d?
3, 7
Let c(t) = 11*t + 0 - 10 - t**2 - 2. Let x be (-51)/(-68)*2/(-3)*-16. List the prime factors of c(x).
2, 3
Let v be (-3*1)/(15/(-20)). Suppose 5*o - n = -1, 4*o + 5*n + 24 = -0*o. What are the prime factors of (o + 265)/v + -4?
2, 31
Let f be 1 - 3 - 1 - -2. Let x = 4 - f. Suppose 11 = g - b, -x*g - 3*b + 27 = -12. List the prime factors of g.
3
Suppose 105 = 3*k - 525. What are the prime factors of k?
2, 3, 5, 7
List the prime factors of (-60)/160 - (-77430)/16.
3, 1613
Suppose u + 2*u - 960 = 0. Suppose -u = -w - 4*w. List the prime factors of w.
2
Let f be 300/8 - 9/(-6). Let a = f - 57. Let n = -11 - a. What are the prime factors of n?
7
Suppose 0 = 16*z - 2*z - 3164. List the prime factors of z.
2, 113
Let d be (-1 + -3)/((-8)/(-380)). Let k = -107 - d. What are the prime factors of k?
83
Let c be 8/(-1) + 6/(-2). Let r = c - -7. List the prime factors of (-150)/r + 3/6.
2, 19
Let u(v) = v**3 + 24. Let t(b) = b**2 + 3*b. Let f = -2 + -1. Let d be t(f). What are the prime factors of u(d)?
2, 3
What are the prime factors of (-49153)/(-133) + 6/14?
2, 5, 37
Suppose 0 = -7*y + 6*y - 3. Let s be (-24)/y*59/4. Suppose 0 = -3*v - 2*g + s, -2*v + 3*g = -0*v - 96. List the prime factors of v.
2, 3, 7
Suppose 2 = -2*r + 4. What are the prime factors of -4 + r + 19*(6 - 3)?
2, 3
Let z = -1 + 5. Let l = 10 - z. Suppose 2*a + l = 24. What are the prime factors of a?
3
Suppose 1984 = 3*g - 1235. What are the prime factors of g/7 + 6/(-63)*3?
3, 17
Suppose 2*i = -v + 990, 3*v + 784 + 1680 = 5*i. List the prime factors of i.
2, 13, 19
Let r(b) = b**2 + 8. Let k be r(8). Suppose 0 = -3*d + k + 24. Let t = d + 5. List the prime factors of t.
37
Suppose -4*d = 2*p + 138, -20 = -2*p - 3*d - 157. List the prime factors of (p/3 + (-3 - -7))*-9.
3, 5, 11
Let d = 108 - -87. What are the prime factors of d?
3, 5, 13
Suppose -56050 = -7*p - 18*p. List the prime factors of p.
2, 19, 59
Suppose 0 = 2*i - 0 - 10. Let m = i + -1. What are the prime factors of (m/(-10))/(6/(-60))?
2
Let x(f) = 749*f - 286. List the prime factors of x(6).
2, 263
Let h(w) = 15*w**2 + 11*w + 34. List the prime factors of h(12).
2, 1163
Let w be ((-10)/3)/(18/(-27)). Suppose 2*z + 16 = 2*m, -3*z + 0*z = w*m + 8. List the prime factors of ((-2)/(-1))/(z/(-51)).
17
Let a(t) = -t**2 - t + 3. Let w be a(-2). Let m(o) = 32*o - 1. What are the prime factors of m(w)?
31
Let m(o) = -20*o + 25. Let p(s) = -s**2 - 3*s + 6. Let h be p(-5). What are the prime factors of m(h)?
3, 5, 7
Let n = 144 - -17. Suppose 11*k - n = 10*k. What are the prime factors of k?
7, 23
Suppose 9*q - 552 = 7*q. Suppose 11*u - 659 = q. List the prime factors of u.
5, 17
Let z = 16 - 16. Suppose 2*j + 2 = z, 5*h = h - 5*j + 183. Suppose -l = -c + 3*c - 13, -2*c + h = 3*l. What are the prime factors of l?
17
Let b be (-1)/(4 - 355/90). Let a(k) = k**3 + 6*k**2 - 5*k + 8. Let r be a(-6). Let j = b + r. List the prime factors of j.
2, 5
Suppose -a + 8 = 2*u, -u + 8 = u. Suppose -4*j - i + 230 = -0*i, -3*j - i + 173 = a. List the prime factors of j.
3, 19
Let s(i) = i**3 - 9*i**2 - 10*i - 12. Let k be s(10). Let z be (k/(-9))/((-2)/(-3)). Suppose 0*b - 12 = -z*b. List the prime factors of b.
2, 3
Suppose -5*y = 1388 + 852. Let n = -186 - y. List the prime factors of n.
2, 131
Let k(c) = 3 + c**2 - 9 - 2*c - 1. Let z be 21/14*((3 - -1) + 0). What are the prime factors of k(z)?
17
Let j(o) = o - 1. Let r be j(5). Suppose -275 = -r*n - n. What are the prime factors of n?
5, 11
Suppose -9 = -p - 13. List the prime factors of (-3 - p)/((-1 + 0)/(-234)).
2, 3, 13
Suppose -45*j - 10122 = -48*j. What are the prime factors of j?
2, 7, 241
Suppose -6*r + 1245 = 3*k - 3*r, 0 = -2*k - 4*r + 840. List the prime factors of k.
2, 5, 41
Suppose 4*v = 3*b - 191 + 972, 5*v = -2*b + 982. Suppose -252 = -4*u - 2*p - p, 0 = -3*u - 4*p + v. What are the prime factors of u?
2, 3, 5
Suppose 1323 = -3*v + 12*v. What are the prime factors of v?
3, 7
Let x = -962 + 2037. What are the prime factors of x?
5, 43
Suppose -7*p + 42 = -0*p. Suppose -p = -2*t + 2. Suppose 0 = 3*m + 5*u + 4 - 24, u = -t*m + 38. What are the prime factors of m?
2, 5
Suppose 542 = 4*j + 5*t - 3798, -4*t + 2164 = 2*j. What are the prime factors of j?
2, 5, 109
Let b(f) = 2*f + 8 + 2 - f**3 - 10 + 3*f**2. Suppose 2*v + 9 = 7. What are the prime factors of b(v)?
2
What are the prime factors of 42*(-10 - 1048/(-16))?
3, 7, 37
Suppose 13 = i + 5*w, -5*w = -14*i + 9*i + 125. Suppose -2*x - 92 = -3*v, 4*v = 3*x + 172 - 51. Let n = v - i. List the prime factors of n.
11
Let t(n) be the third derivative of n**5/30 + 5*n**4/12 + 4*n**3/3 + 5*n**2. Let r be t(-8). What are the prime factors of (-2)/(r/20 - 3)?
2, 5
What are the prime factors of 6 + -1 - (-4 + -2*395)?
17, 47
Let d(n) = -4*n - 12. Let x(u) = 0 - 2 + u + 1 + 0. Let y be x(-7). List the prime factors of d(y).
2, 5
Suppose v = 3*v - 2. Let h(c) be the first derivative of 14*c**3/3 + 3*c**2/2 - 2*c - 16. List the prime factors of h(v).
3, 5
Let t(h) = h**2 - 20*h - 12. Let n be t(13). Let j = -60 - n. List the prime factors of j.
43
Let k(g) = 3*g - 8. Let p be k(10). Let w = p - -3. What are the prime factors of w?
5
Let w be 1/(-4) + 27/12. Let l be 40/(-12)*(-3)/w. What are the prime factors of l + (-3)/3 + 1?
5
Suppose 4*o + 121 = d, d - 11*o = -13*o + 151. List the prime factors of d.
3, 47
Suppose -2*g + 3*v - 857 = 0, -4*v + 2139 = g - 6*g. What are the prime factors of g/(-4) +